{"id":443,"date":"2022-05-18T10:14:55","date_gmt":"2022-05-18T08:14:55","guid":{"rendered":"https:\/\/events.mines-stetienne.fr\/giseh2022\/?page_id=443"},"modified":"2022-07-06T14:25:53","modified_gmt":"2022-07-06T12:25:53","slug":"programme-detaille","status":"publish","type":"page","link":"https:\/\/events.mines-stetienne.fr\/giseh2022\/programme-detaille\/","title":{"rendered":"Programme d\u00e9taill\u00e9"},"content":{"rendered":"\n<div class=\"wp-block-columns is-layout-flex wp-container-core-columns-is-layout-9d6595d7 wp-block-columns-is-layout-flex\">\n<div class=\"wp-block-column is-layout-flow wp-block-column-is-layout-flow\" style=\"flex-basis:100%\">\n<div class=\"wp-block-group\"><div class=\"wp-block-group__inner-container is-layout-flow wp-block-group-is-layout-flow\">\n<figure class=\"wp-block-table is-style-stripes\" style=\"font-size:16px\"><table><tbody><tr><td width='150'><\/td><td><strong><font size=\"20\">Mercredi 6 Juillet<\/font><\/strong><\/td><\/tr><tr><td><strong>08:30-09:00<\/strong><\/td><td><strong>Session 1: C\u00e9r\u00e9monie d&rsquo;Ouverture<\/strong><br><strong><em>Amphi Marie Curie<\/em><\/strong><br>Jacques Fayolle &#8211; Directeur Mines Saint-\u00c9tienne<br>Micha\u00ebl Battesti &#8211; Directeur G\u00e9n\u00e9ral Adjoint par int\u00e9rim CHU Saint-\u00c9tienne<br>R\u00e9mi Bouvier &#8211; Directeur G\u00e9n\u00e9ral AESIO Sant\u00e9<br>Philippe Berthelot &#8211; Doyen de la Facult\u00e9 de M\u00e9decine<br>Christophe Faverjon &#8211; Vice-Pr\u00e9sident de Saint-\u00c9tienne M\u00e9tropole<br>Vincent Augusto &#8211; Informations g\u00e9n\u00e9rales<\/td><\/tr><tr><td><strong>09:00-10:30<\/strong><\/td><td><strong>Session 2: Pl\u00e9ni\u00e8re I &#8211; Organisation des Soins Post-Covid-19<\/strong><br><strong>Chair : Marianne Sarazin<\/strong><br><strong><em>Amphi Marie Curie<\/em><\/strong><br>Ouverture : Marion Lelouvier (Fondation de l&rsquo;Avenir)<\/td><\/tr><tr><td><strong>11:00-12:30<\/strong><\/td><td><strong>Session 3A: Syst\u00e8mes d&rsquo;Information<\/strong><br><strong>Chair : Philippe Wieser<br><em>Salle B308<\/em><\/strong><\/td><\/tr><tr><td>11:00-11:30<\/td><td>Khadija El Bouchikhi. Les pratiques informationnelles des sp\u00e9cialistes et des non-sp\u00e9cialistes dans le domaine m\u00e9dical<\/td><\/tr><tr><td>11:30-12:00<\/td><td>Brice de Behault and Marianne Philippe. Mise en place de processus innovants de gestion de l\u2019information m\u00e9dicale aux Cliniques Universitaires Saint-Luc (Bruxelles, Belgique)<\/td><\/tr><tr><td>12:00-12:30<\/td><td>Oumaima Gadi, Tasseda Boukherroub and Neila El Asli. La continuit\u00e9 informationnelle dans le domaine de la sant\u00e9 et des services sociaux : une revue de la litt\u00e9rature<\/td><\/tr><tr><td><strong>11:00-12:30<\/strong><\/td><td><strong>Session 3B: Intelligence Artificielle<\/strong><br><strong>Chair : Philippe Kohl<br><em><strong>Salle <\/strong>B316<\/em><\/strong><\/td><\/tr><tr><td>11:00-11:30<\/td><td>Asma Gasmi, Vincent Augusto, Jenny Faucheu, Marine Hilaire, Claire Morin, R\u00e9mi Moulin, Frederic Roche and Xavier Serpaggi. Pr\u00e9dictions de l\u2019entr\u00e9e en d\u00e9pendance \u00e0 l\u2019aide de l\u2019analyse de sommeil<\/td><\/tr><tr><td>11:30-12:00<\/td><td>Diva Beltramin, Eugenia Lamas and Cedric Bousquet. Boites blanches et boites noires pour l\u2019explicabilit\u00e9 de l\u2019intelligence artificielle en m\u00e9decine<\/td><\/tr><tr><td>12:00-12:30<\/td><td>Fran\u00e7oise Luyckx, Romy Gadisseur, Philippe Kolh and Etienne Cavalier. Optimisation de la prise en charge de patients atteints d\u2019insuffisance r\u00e9nale chronique par l\u2019utilisation d\u2019un syst\u00e8me d\u2019aide \u00e0 la d\u00e9cision clinique (CDS AlinIQ, Abbott)<\/td><\/tr><tr><td><strong>11:00-12:30<\/strong><\/td><td><strong>Session 3C: Covid-19 I<\/strong><br><strong>Chair : Thibaud Monteiro<br><em><strong>Salle <\/strong>B318<\/em><\/strong><\/td><\/tr><tr><td>11:00-11:30<\/td><td>Sonia Priou, Guillaume Lam\u00e9, Marija Jankovic, Romain Bey, Christel Daniel, Gilles Chatellier, Christophe Tournigand and Emmanuelle Kempf. Cons\u00e9quences de la crise Covid-19 en oncologie m\u00e9dicale : promesses, r\u00e9alisations et d\u00e9fis d\u2019un entrep\u00f4t de donn\u00e9es de sant\u00e9<\/td><\/tr><tr><td>11:30-12:00<\/td><td>Nathalie Maes, Jakez Rolland, Ronan Boutin, Marie Codet, Arnaud Lecl\u00e8ve, Rapha\u00ebl Schils, Marie Thys, Adelin Albert, Michel Moutschen and Philippe Kolh. D\u00e9veloppement et \u00e9valuation d\u2019un outil d\u2019aide \u00e0 la d\u00e9cision clinique pour le suivi des patients hospitalis\u00e9s pour COVID-19 au CHU de Li\u00e8ge<\/td><\/tr><tr><td>12:00-12:30<\/td><td>Marie Thys, Marjorie Gangolf, Marie-Pierre Cunin, Florence Lambert, Philippe Kolh and Jessica Jacques. Des outils informatiques pour g\u00e9rer la pand\u00e9mie de COVID 19 dans un h\u00f4pital universitaire<\/td><\/tr><tr><td><strong>13:30-15:00<\/strong><\/td><td><strong>Session 4A: Conduite du Changement et Open Innovation<\/strong><br><strong>Chair : Asma Gasmi<br><em><strong>Salle <\/strong>B308<\/em><\/strong><\/td><\/tr><tr><td>13:30-14:00<\/td><td>Isabelle Simon, Val\u00e9rie Leclercq and Laurence Weber. Informatisation et appropriation du changement : les r\u00e9v\u00e9lations d\u2019une enqu\u00eate de satisfaction aux soins intensifs<\/td><\/tr><tr><td>14:00-14:30<\/td><td>Landi Benoit, Pingaud Herve and Galaup Michel. Apprentissage par le num\u00e9rique de la comp\u00e9tence organisationnelle des \u00e9tudiants en soins infirmiers<\/td><\/tr><tr><td>14:30-15:00<\/td><td>Pingaud Herve. Living lab, un acteur de l\u2019innovation ouverte dans le syst\u00e8me de sant\u00e9 : r\u00e9cit d\u2019un v\u00e9cu de chercheur<\/td><\/tr><tr><td><strong>13:30-15:00<\/strong><\/td><td><strong>Session 4B: Donn\u00e9es de Sant\u00e9<\/strong><br><strong>Chair : Laurent Navarro<br><em><strong>Salle <\/strong>B316<\/em><\/strong><\/td><\/tr><tr><td>13:30-14:00<\/td><td>St\u00e9phanie Leroy, Elric Verbruggen and Philipppe Kolh. Outil de pseudonymisation : cas pratique en h\u00f4pital. Analyse, am\u00e9lioration et utilisation de l\u2019outil DE-ID 3M<\/td><\/tr><tr><td>14:00-14:30<\/td><td>Marie-Pierre Cunin, Gwenna\u00eblle Bodart, Marie Thys, Marjorie Gangolf, Philippe Kolh and Jessica Jacques. L\u2019utilisation du Natural Langage Processing comme outil d\u2019aide \u00e0 l\u2019exploitation de donn\u00e9es hospitali\u00e8res<\/td><\/tr><tr><td>14:30-15:00<\/td><td>Gwenna\u00eblle Bodart, Marie Thys, Marjorie Gangolf, Marie-Pierre Cunin, Florence Lambert, Alexandre Poustovoitov, Yves Beguin, Philippe Kolh and Jessica Jacques. D\u00e9veloppement d\u2019un outil de pilotage des patients oncologiques au CHU de Li\u00e8ge<\/td><\/tr><tr><td><strong>13:30-15:00<\/strong><\/td><td><strong>Session 4C: Covid-19 II<\/strong><br><strong>Chair : Lorraine Trilling<br><em><strong>Salle <\/strong>B318<\/em><\/strong><\/td><\/tr><tr><td>13:30-14:00<\/td><td>Radia Spiga, Mireille Batton-Hubert and Marianne Sarazin. Pr\u00e9diction des hospitalisation pour COVID-19 par un mod\u00e8le INAR(1) avec donn\u00e9es exog\u00e8nes<\/td><\/tr><tr><td>14:00-14:30<\/td><td>Maroussia Roelens, Alexis Martin, Brian Friker, Filipe Maximiano Sousa, Amaury Thiabaud, Beatriz Vidondo, Valentin Buchter, C\u00e9line Gardiol, Jasmin Vonlanthen, Carlo Balmelli, Manuel Battegay, Christoph Berger, Michael Buettcher, Alexia Cusini, Domenica Flury, Ulrich Heininger, Anita Niederer-Loher, Thomas Riedel, Peter Werner Schreiber, Rami Sommerstein, Nicolas Troillet, Sarah Tschudin-Sutter, Pauline Vetter, Sara Bernhard-Stirnemann, Natascia Corti, Roman Gaudenz, Jonas Marschall, Yvonne Nussbaumer-Ochsner, Laurence Senn, Danielle Vuichard-Gysin, Petra Zimmermann, Franziska Zucol, Anne Iten and Olivia Keiser. Evolution of COVID-19 mortality over time: results from the Swiss hospital surveillance system (CH-SUR)<\/td><\/tr><tr><td>14:30-15:00<\/td><td>Benjamin Antunes and David Hill. Utilisation de l\u2019intelligence artificielle distribu\u00e9e pour des simulations reproductibles de l\u2019\u00e9pid\u00e9mie de Covid19<\/td><\/tr><tr><td><strong>15:30-17:00<\/strong><\/td><td><strong>Session 5A: Mod\u00e9lisation et Simulation<\/strong><br><strong>Chair : Franck Fontanili<br><em><strong>Salle <\/strong>B308<\/em><\/strong><\/td><\/tr><tr><td>15:30-16:00<\/td><td>Ahmed Bakali El Kassimi, Marianne Sarazin, Xiaolan Xie, Pierre Luc Fresard and Bertrand Semay. Mod\u00e9lisation et simulation du parcours de soins des patients op\u00e9r\u00e9s d\u2019une proth\u00e8se de hanche ou de genou<\/td><\/tr><tr><td>16:00-16:30<\/td><td>Sarah Garidi, Auguste Rakotondranaivo, Julie Audouze and Julien Husson. Pilotage des flux de patients : apport de la quantification et de la simulation dans la pertinence des parcours<\/td><\/tr><tr><td>16:30-17:00<\/td><td>Camille Breen, Thierry Garaix, Xiaolan Xie, St\u00e9phane Kirche, Alexandre Benoist and Arnaud Dellinger. \u00c9tude des parcours patients des insuffisants cardiaques sur un territoire de sant\u00e9<\/td><\/tr><tr><td><strong>15:30-17:00<\/strong><\/td><td><strong>Session 5B: Planification et Logistique<\/strong><br><strong>Chair : Cl\u00e9a Martinez<br><em><strong>Salle <\/strong>B316<\/em><\/strong><\/td><\/tr><tr><td>15:30-16:00<\/td><td>Estelle Collomb, Lorraine Trilling, Maria Di Mascolo and Thibaud Monteiro. Planification d\u2019activit\u00e9s m\u00e9dico-sociales multi-sites prenant en compte les capacit\u00e9s d\u2019accueil<\/td><\/tr><tr><td>16:00-16:30<\/td><td>Omar Rifki and Thierry Garaix. Pilotage Dynamique de Transport Sanitaire: Apprentissage et Optimisation<\/td><\/tr><tr><td>16:30-17:00<\/td><td>Jiao Zhao, Tao Wang and Thibaud Monteiro. A bi-objective home health care routing and scheduling by multi-directional local search<\/td><\/tr><tr><td><strong>15:30-17:00<\/strong><\/td><td><strong>Session 5C: Living Lab : R\u00e9flechissons ensemble !<\/strong><br><strong>Chair: Marianne Sarazin<\/strong><br><strong><em>Salle B318<\/em><\/strong><\/td><\/tr><tr><td><strong>17:00-18:00<\/strong><\/td><td><strong>R\u00e9union du Comit\u00e9 Scientifique et de Pilotage GISEH<\/strong><br><strong><em>Salle B306<\/em><\/strong><\/td><\/tr><tr><td><strong>18:00-22:00<\/strong><\/td><td><strong>Cocktail d&rsquo;Accueil<\/strong> <\/td><\/tr><tr><td><\/td><td><strong><font size=\"20\">Jeudi 7 Juillet<\/font><\/strong><\/td><\/tr><tr><td><strong>09:00-10:30<\/strong><\/td><td><strong>Session 6: Pl\u00e9ni\u00e8re II &#8211; Ethique et S\u00e9curit\u00e9 des Donn\u00e9es de Sant\u00e9<\/strong><br><strong>Chair : Vincent Augusto<\/strong><br><strong><em>Amphi Marie Curie<\/em><\/strong><br>Ouverture : Katia Pickus (be-ys)<\/td><\/tr><tr><td><strong>11:00-12:30<\/strong><\/td><td><strong>Session 7A: Innovation en Sant\u00e9 et Nouvelles Technologies I<\/strong><br><strong>Chair : Guillaume Gardin<br><em><strong>Salle <\/strong>B308<\/em><\/strong><\/td><\/tr><tr><td>11:00-11:30<\/td><td>Pierre Blanc, Carole Pelissier, Luc Fontana and Marianne Sarazin. Evaluation de l\u2019impact du syst\u00e8me HypnoVR sur le stress au travail au sein d\u2019une \u00e9quipe de chirurgie bariatrique : \u00e9tude multicentrique prospective non randomis\u00e9e<\/td><\/tr><tr><td>11:30-12:00<\/td><td>Aline Courie Lemeur. Am\u00e9liorer la port\u00e9e des nouvelles technologies dans les organisations de sant\u00e9 en transformant le mod\u00e8le de construction des formations pour les soignants<\/td><\/tr><tr><td>12:00-12:30<\/td><td>El Mehdi Ghalim and Abdelmajid Elouadi. Technology as an answer to the trust crisis in mental health services &#8211; Digitization serving mental health care systems<\/td><\/tr><tr><td><strong>11:00-12:30<\/strong><\/td><td><strong>Session 7B: Optimisation, Aide \u00e0 la D\u00e9cision<\/strong><br><strong>Chair : Maria Di Mascolo<\/strong><br><strong><em>Salle B316<\/em><\/strong><\/td><\/tr><tr><td>11:00-11:30<\/td><td>Simon Moulard, Yannick Kergosien and Pierre Desport. Mod\u00e8les math\u00e9matiques pour minimiser le temps d\u2019attente des patients en ambulatoire<\/td><\/tr><tr><td>11:30-12:00<\/td><td>Leah Rifi, Cl\u00e9a Martinez, Maria Di Mascolo and Franck Fontanili. Proposition d&rsquo;un outil d&rsquo;aide \u00e0 la d\u00e9cision pour la r\u00e9gulation des blocs op\u00e9ratoires<\/td><\/tr><tr><td>12:00-12:30<\/td><td>Ronan Boutin, Jakez Rolland, Cl\u00e9ment B\u00e9zier, Kevin Eyer, Marie Codet, Nathalie Maes, Marie Thys, Adelin Albert, Michel Moutschen and Philippe Kolh. Optimisation et personnalisation des valeurs de r\u00e9f\u00e9rence des param\u00e8tres de biologie clinique \u00e0 partir du \u00ab big data \u00bb hospitalier<\/td><\/tr><tr><td><strong>11:00-12:30<\/strong><\/td><td><strong>Session 7C: Transformation des Syst\u00e8mes de Soins I<\/strong><br><strong>Chair : Xavier Boucher<br><em><strong>Salle <\/strong>B318<\/em><\/strong><\/td><\/tr><tr><td>11:00-11:30<\/td><td>Line Moisan, Pierre-Luc Fournier and Denis Lagac\u00e9. Syst\u00e8me int\u00e9gr\u00e9 de gestion des performances et ses outils : catalyseur d\u2019int\u00e9gration des services et du renouvellement du leadership organisationnel<\/td><\/tr><tr><td>11:30-12:00<\/td><td>Alice Rochas, Tasseda Boukherroub and Neila El-Asli. Les exp\u00e9riences de gestion de la transformation num\u00e9rique dans le domaine de la sant\u00e9 : une revue de la litt\u00e9rature<\/td><\/tr><tr><td>12:00-12:30<\/td><td>Pingaud Herve, Malige Labart Kelly and Le Deist Francoise. Une dynamique de transformations organisationnelle et num\u00e9rique pour densifier les soins primaires en situation de d\u00e9sert m\u00e9dical<\/td><\/tr><tr><td><strong>13:30-15:00<\/strong><\/td><td><strong>Session 8A: Innovation en Sant\u00e9 et Nouvelles Technologies II<\/strong><br><strong>Chair : Nadine Dalie Mogue<\/strong><br><strong><em>Salle B308<\/em><\/strong><\/td><\/tr><tr><td>13:30-14:00<\/td><td>Gregory Canivet, Thomas Damsin, Pauline Jacquemin, D Giet, Pierre Gillet and Af Nikkels. TeleSPOT : D\u00e9tection pr\u00e9coce du m\u00e9lanome par t\u00e9l\u00e9dermoscopie en M\u00e9decine g\u00e9n\u00e9rale<\/td><\/tr><tr><td>14:00-14:30<\/td><td>Nadine Dalie Mogue, Tasseda Boukherroub and Claude Olivier. Utilisation du Lean pour am\u00e9liorer le processus d\u2019acc\u00e8s aux soins sp\u00e9cialis\u00e9s : un cas d\u2019\u00e9tude au Qu\u00e9bec<\/td><\/tr><tr><td>14:30-15:00<\/td><td>Charly Kengne Kuetche, Cl\u00e9ment Turbelin, Marianne Sarazin, Thierry Blanchon, Vittoria Colizza and Marion Debin. Surveillance participative des infections respiratoires aigu\u00ebs en population g\u00e9n\u00e9rale : retour d\u2019exp\u00e9rience<\/td><\/tr><tr><td><strong>13:30-15:00<\/strong><\/td><td><strong>Session 8B: Transformation des Syst\u00e8mes de Soins II<\/strong><br><strong>Chair : Alain Guinet<\/strong><br><strong><em>Salle B316<\/em><\/strong><\/td><\/tr><tr><td>13:30-14:00<\/td><td>Rafika Thabet, Elyes Lamine and Pingaud Herve. Ing\u00e9nierie dirig\u00e9e par les mod\u00e8les pour un pilotage robuste des processus de soins \u00e0 l\u2019h\u00f4pital<\/td><\/tr><tr><td>14:00-14:30<\/td><td>Laurine Robert, Chlo\u00e9 Rousseli\u00e8re, Etienne Cousein, Remy Collomp, Jean-Baptiste Beuscart and Bertand D\u00e9caudin. Utilisation des syst\u00e8mes d\u2019aide \u00e0 la d\u00e9cision m\u00e9dicale : vers une communaut\u00e9 de pratiques ?<\/td><\/tr><tr><td>14:30-15:00<\/td><td>Patricia Defr\u00e8re, Mireille Monville, Isabelle Simon, Jean-Fran\u00e7ois Kaux, Jean-Marie Krzesinski, Manon Pilat, Guillaume Lafontaine, Nathalie Maes, Philippe Kolh, Marc De Paoli and Christine Cloes. Projet Pragma-TIC. L\u2019h\u00f4pital du futur sera num\u00e9ris\u00e9\u2026 Cr\u00e9ation d\u2019une communaut\u00e9 de citoyens, une communaut\u00e9 multidisciplinaire contribuant \u00e0 une soci\u00e9t\u00e9 num\u00e9rique, durable, inclusive, solidaire et respectueuse de son environnement \u00e9cologique<\/td><\/tr><tr><td><strong>13:30-15:00<\/strong><\/td><td><strong>Session 8C: \u00c9valuation<\/strong><br><strong>Chair : Fr\u00e9d\u00e9ric Bonvoisin<br><em><strong>Salle <\/strong>B318<\/em><\/strong><\/td><\/tr><tr><td>13:30-14:00<\/td><td>Fr\u00e9d\u00e9ric Bonvoisin and Beno\u00eet Mikolajczak. Impl\u00e9mentation d\u2019un mod\u00e8le d\u2019Activity-Based Costing en mode \u2018fast track\u2019 : Quel int\u00e9r\u00eat et quelles cons\u00e9quences ?<\/td><\/tr><tr><td>14:00-14:30<\/td><td>Olivier Thonon, Henri Gilis, Stefanie Bellavia, Denis Menager, Philippe Kolh and Eric Maclot. Mesure de la charge de travail dans les unit\u00e9s de soins du Centre Hospitalier Universitaire de Li\u00e8ge<\/td><\/tr><tr><td>14:30-15:00<\/td><td>Amine En-Naaoui, Aicha Aguezzoul, Sara El Haimer and Mohammed Kaicer. Use of fuzzy FMEA for health risk assessment: A Moroccan case study<\/td><\/tr><tr><td><strong>15:00-17:00<\/strong><\/td><td><strong>Session 9A: Visite Cit\u00e9 des Ain\u00e9s<\/strong><br><strong>R\u00e9f\u00e9rent : Guillaume Gardin<\/strong><br><em>Rendez-vous 15h hall principal<\/em><\/td><\/tr><tr><td><strong>15:00-17:00<\/strong><\/td><td><strong>Session 9B: Visite du service d&rsquo;Urgences CIS \/ CHU Saint-\u00c9tienne<\/strong><br><strong>R\u00e9f\u00e9rent : Vincent Augusto<\/strong><br><em>Rendez-vous 15h hall principal<\/em><\/td><\/tr><tr><td><strong>15:00-17:00<\/strong><\/td><td><strong>Session 9C: Visite Cuisine Centrale CHU Saint-\u00c9tienne<\/strong><br><strong>R\u00e9f\u00e9rent : Thierry Garaix<\/strong><br><em>Rendez-vous 15h hall principal<\/em><\/td><\/tr><tr><td>18:00-23:30<\/td><td><strong>Visite de la Biennale du Design (optionnel) et D\u00eener de Gala<\/strong><\/td><\/tr><tr><td><\/td><td><strong><font size=\"20\">Vendredi 8 Juillet<\/font><\/strong><\/td><\/tr><tr><td><strong>09:00-10:30<\/strong><\/td><td><strong>Session 10: Pl\u00e9ni\u00e8re III &#8211; Ing\u00e9nierie et Op\u00e9rationnalisation des Innovations en Sant\u00e9<\/strong><br><strong>Chair : Xiaolan Xie<\/strong><br><strong><em>Amphi Marie Curie<\/em><\/strong><br>Ouverture : Guillaume Gardin (AESIO)<\/td><\/tr><tr><td><strong>11:00-12:30<\/strong><\/td><td><strong>Session 11A: Territoires et Sant\u00e9<\/strong><br><strong>Chair : Tasseda Boukherroub<em><br>Salle B308<\/em><\/strong><\/td><\/tr><tr><td>11:00-11:30<\/td><td>Mohamed El Habib Messabis, Thierry Garaix and Xiaolan Xie. Healthcare response tool for a territorial hospital group during a pandemic<\/td><\/tr><tr><td>11:30-12:00<\/td><td>Samer Alsamadi, Malek Farhat, Nicolas Cellier, Clea Martinez, Canan Pehlivan and Franck Fontanili. Pr\u00e9diction de l&rsquo;arriv\u00e9e des appels dans un centre relais pour sourds et malentendants<\/td><\/tr><tr><td>12:00-12:30<\/td><td>Mohammed Rouidi, Elouadi Abd Elmajid, Amine Hamdoune and Khadija Choujtani. Acceptabilit\u00e9 de la technologie de la t\u00e9l\u00e9m\u00e9decine par les professionnels de la sant\u00e9 marocains des zones rurales : une \u00e9tude qualitative<\/td><\/tr><tr><td><strong>11:00-12:30<\/strong><\/td><td><strong>Session 11B: Silver Economy<\/strong><br><strong>Chair : Raksmey Phan<br><em>Salle B316<\/em><\/strong><\/td><\/tr><tr><td>11:00-11:30<\/td><td>F\u00e9lix Repusseau, Ana Maria Dascalita, Denis Michel, Nicolas Auguste and Marianne Sarazin. PROJET DE RECHERCHE Alert Assist+: UTILISATION AUTOMATISEE DU SCORE NEWS2 DANS UN CONTEXTE HOSPITALIER AFIN D\u2019OPTIMISER LA PRISE EN CHARGE DES PATIENTS DANS UN SERVICE DE GERIATRIE<\/td><\/tr><tr><td>11:30-12:00<\/td><td>Alain Guinet. Isolement et d\u00e9pendance des seniors, un besoin de planification de ressources itin\u00e9rantes<\/td><\/tr><tr><td>12:00-12:30<\/td><td>Long Nguyen-Phuoc, Renald Gaboriau, Dimitri Delacroix, Benjamin Dalmas, Lydie Dondelli and Laurent Navarro. Assessing non-pharmacological interventions for people with Alzheimer disease: emergence of automatic systems<\/td><\/tr><tr><td><strong>11:00-12:30<\/strong><\/td><td><strong>Session 11C: Urgences<\/strong><br><strong>Chair : Edgar Alfonso<br><em>Salle B318<\/em><\/strong><\/td><\/tr><tr><td>11:00-11:30<\/td><td>Franck Fontanili, Nicolas Cellier, Cl\u00e9a Martinez, Yann Penverne, Maxime Lebeaupin and Nesrine Benaouicha. Simulation de l&rsquo;entraide entre deux SAMU pour la prise en charge des appels d&rsquo;urgence<\/td><\/tr><tr><td>11:30-12:00<\/td><td>Laura Uhl, Vincent Augusto, Youenn Alexandre, Fanny Jardinaud, St\u00e9phanie Quiguer and Saber Aloui. Urgent Patient Hospitalisation Pathway Prediction using Healthcare-Administrative Data and Medical Records: a Literature Review<\/td><\/tr><tr><td>12:00-12:30<\/td><td>Juli\u00e1n Alberto Espejo-D\u00edaz, Edgar Alfonso Lizarazo and Jairo R. Montoya-Torres. Improving the access to emergency medical services using advanced air mobility. Insights from a facility location model<\/td><\/tr><tr><td><strong>12:30-13:00<\/strong><\/td><td><strong>Session 12: C\u00e9r\u00e9monie de Cl\u00f4ture<\/strong><br><strong><em>Amphi Marie Curie<\/em><\/strong><\/td><\/tr><\/tbody><\/table><\/figure>\n<\/div><\/div>\n<\/div>\n<\/div>\n","protected":false},"excerpt":{"rendered":"<p>Mercredi 6 Juillet 08:30-09:00 Session 1: C\u00e9r\u00e9monie d&rsquo;OuvertureAmphi Marie CurieJacques Fayolle &#8211; Directeur Mines Saint-\u00c9tienneMicha\u00ebl Battesti &#8211; Directeur G\u00e9n\u00e9ral Adjoint par int\u00e9rim CHU Saint-\u00c9tienneR\u00e9mi Bouvier &#8211; Directeur G\u00e9n\u00e9ral AESIO Sant\u00e9Philippe Berthelot &#8211; Doyen de la Facult\u00e9 de M\u00e9decineChristophe Faverjon &#8211; Vice-Pr\u00e9sident de Saint-\u00c9tienne M\u00e9tropoleVincent Augusto &#8211; Informations g\u00e9n\u00e9rales 09:00-10:30 Session 2: Pl\u00e9ni\u00e8re I &#8211; Organisation &hellip; <\/p>\n","protected":false},"author":5,"featured_media":0,"parent":0,"menu_order":0,"comment_status":"closed","ping_status":"closed","template":"","meta":{"footnotes":""},"class_list":["post-443","page","type-page","status-publish","hentry"],"_links":{"self":[{"href":"https:\/\/events.mines-stetienne.fr\/giseh2022\/wp-json\/wp\/v2\/pages\/443","targetHints":{"allow":["GET"]}}],"collection":[{"href":"https:\/\/events.mines-stetienne.fr\/giseh2022\/wp-json\/wp\/v2\/pages"}],"about":[{"href":"https:\/\/events.mines-stetienne.fr\/giseh2022\/wp-json\/wp\/v2\/types\/page"}],"author":[{"embeddable":true,"href":"https:\/\/events.mines-stetienne.fr\/giseh2022\/wp-json\/wp\/v2\/users\/5"}],"replies":[{"embeddable":true,"href":"https:\/\/events.mines-stetienne.fr\/giseh2022\/wp-json\/wp\/v2\/comments?post=443"}],"version-history":[{"count":45,"href":"https:\/\/events.mines-stetienne.fr\/giseh2022\/wp-json\/wp\/v2\/pages\/443\/revisions"}],"predecessor-version":[{"id":632,"href":"https:\/\/events.mines-stetienne.fr\/giseh2022\/wp-json\/wp\/v2\/pages\/443\/revisions\/632"}],"wp:attachment":[{"href":"https:\/\/events.mines-stetienne.fr\/giseh2022\/wp-json\/wp\/v2\/media?parent=443"}],"curies":[{"name":"wp","href":"https:\/\/api.w.org\/{rel}","templated":true}]}}