{"id":341,"date":"2022-02-25T09:32:45","date_gmt":"2022-02-25T08:32:45","guid":{"rendered":"https:\/\/events.mines-stetienne.fr\/giseh2022\/?page_id=341"},"modified":"2022-02-25T09:46:00","modified_gmt":"2022-02-25T08:46:00","slug":"hotels","status":"publish","type":"page","link":"https:\/\/events.mines-stetienne.fr\/giseh2022\/hotels\/","title":{"rendered":"H\u00f4tels"},"content":{"rendered":"\n<p><strong>VOS H\u00c9BERGEMENTS<br><\/strong>Liste et informations des \u00e9tablissements h\u00f4teliers partenaires de l\u2019office de tourisme : <a href=\"https:\/\/www.saint-etienne-hors-cadre.fr\/congres-seminaires\/votre-evenement\/hotels-et-residences\/\" target=\"_blank\" rel=\"noreferrer noopener\">https:\/\/www.saint-etienne-hors-cadre.fr\/congres-seminaires\/votre-evenement\/hotels-et-residences\/ <\/a><\/p>\n\n\n\n<p><strong>DISPONIBILITES ET OFFRES TARIFAIRES pour GISEH 2022<\/strong><br>Arriv\u00e9e mardi 5 juillet 2022 soir &#8211; D\u00e9part vendredi 8 juillet 2022 matin.<br>Les participants sont invit\u00e9s \u00e0 contacter les h\u00f4tels par t\u00e9l\u00e9phone en pr\u00e9cisant leur pr\u00e9sence aux journ\u00e9es. En pr\u00e9cisant le code GISEH2022, ils pourront b\u00e9n\u00e9ficier des disponibilit\u00e9s et tarifs pr\u00e9f\u00e9rentiels mentionn\u00e9s. Ses allotements et tarifs sont valables jusqu\u2019au 6 juin 2022, soit 1 mois avant la conf\u00e9rence.<\/p>\n\n\n\n<figure class=\"wp-block-table is-style-regular\"><table><thead><tr><th class=\"has-text-align-center\" data-align=\"center\">H\u00f4tel<\/th><th class=\"has-text-align-center\" data-align=\"center\">Coordonn\u00e9es<\/th><th class=\"has-text-align-left\" data-align=\"left\">Emplacement<\/th><th>Arr\u00eat Tram<\/th><th>Tarifs<\/th><\/tr><\/thead><tbody><tr><td class=\"has-text-align-center\" data-align=\"center\"><strong>Secteur Gare SNCF Chateaucreux<\/strong><\/td><td class=\"has-text-align-center\" data-align=\"center\"><\/td><td class=\"has-text-align-left\" data-align=\"left\"><\/td><td><\/td><td><\/td><\/tr><tr><td class=\"has-text-align-center\" data-align=\"center\">Novotel<br>Ch\u00e2teaucreux ****<\/td><td class=\"has-text-align-center\" data-align=\"center\">Esplanade de<br>France<br>42000 Saint-<br>Etienne<br>04 28 04 10 90<br>hb2q4@accor.com<\/td><td class=\"has-text-align-left\" data-align=\"left\">Situ\u00e9 en face de la<br>gare SNCF<br>Ch\u00e2teaucreux.<\/td><td>\u00c0 c\u00f4t\u00e9 de<br>l\u2019arr\u00eat<br>Ch\u00e2teaucreux<br>(lignes T2\/T3).<\/td><td>Chambres single : 149 \u20ac TTC<\/td><\/tr><tr><td class=\"has-text-align-center\" data-align=\"center\">Ibis Gare<br>Ch\u00e2teaucreux ***<\/td><td class=\"has-text-align-center\" data-align=\"center\">35, avenue Denfert<br>Rochereau<br>42000 Saint-Etienne<br>04 77 37 90 90<br>ibis.saintetienne.gar<br>echateaucreux@ora<br>nge.fr<\/td><td class=\"has-text-align-left\" data-align=\"left\">Situ\u00e9 en face de la<br>gare SNCF<br>Ch\u00e2teaucreux<\/td><td>\u00c0 c\u00f4t\u00e9 de<br>l\u2019arr\u00eat<br>Ch\u00e2teaucreux<br>(lignes T2\/T3).<\/td><td>Chambres single : 135 \u20ac TTC<\/td><\/tr><tr><td class=\"has-text-align-center\" data-align=\"center\">Kyriad H\u00f4tel ***<\/td><td class=\"has-text-align-center\" data-align=\"center\">77, rue de la Montat<br>42000 Saint-Etienne<br>04 77 21 12 21<br>kyriadstetienne@ara<br>boy.com<\/td><td class=\"has-text-align-left\" data-align=\"left\">Situ\u00e9 \u00e0 500 m\u00e8tres<br>(\u00e0 pied) de la gare<br>SNCF Ch\u00e2teaucreux<\/td><td>Parking<br>souterrain<br>priv\u00e9.<\/td><td>Chambres single : 130 \u20ac TTC<\/td><\/tr><tr><td class=\"has-text-align-center\" data-align=\"center\">H\u00f4tel Terminus du<br>Forez ***<\/td><td class=\"has-text-align-center\" data-align=\"center\">3, rue Cugnot<br>42000 Saint-Etienne<br>04 77 33 11 97<br>hotellenational@ora<br>nge.fr<\/td><td class=\"has-text-align-left\" data-align=\"left\">Situ\u00e9 en face de la<br>gare SNCF<br>Ch\u00e2teaucreux.<\/td><td>Parking public<br>payant de la<br>gare.<\/td><td>Chambres single : 115 \u20ac TTC<\/td><\/tr><tr><td class=\"has-text-align-center\" data-align=\"center\">Ibis Budget<br>Ch\u00e2teaucreux **<\/td><td class=\"has-text-align-center\" data-align=\"center\">Esplanade de<br>France<br>42000 Saint-<br>Etienne<br>04 28 04 11 00<br>hb2q6@accor.com<\/td><td class=\"has-text-align-left\" data-align=\"left\">Situ\u00e9 en face de la<br>gare SNCF<br>Ch\u00e2teaucreux.<\/td><td>\u00c0 c\u00f4t\u00e9 de<br>l\u2019arr\u00eat<br>Ch\u00e2teaucreux<br>(lignes T2\/T3).<\/td><td>Chambres single : 69 \u20ac TTC<\/td><\/tr><tr><td class=\"has-text-align-center\" data-align=\"center\"><strong>Secteur Nord<\/strong><\/td><td class=\"has-text-align-center\" data-align=\"center\"><\/td><td class=\"has-text-align-left\" data-align=\"left\"><\/td><td><\/td><td><\/td><\/tr><tr><td class=\"has-text-align-center\" data-align=\"center\">Ibis Terrasse ***<\/td><td class=\"has-text-align-center\" data-align=\"center\">5 place Massenet<br>42000 Saint-Etienne<br>04 77 93 31 87<br>ibis.saintetienne.terr<br>asse@orange.fr<\/td><td class=\"has-text-align-left\" data-align=\"left\">A l\u2019entr\u00e9e Nord de la<br>ville, pr\u00e8s de la Gare<br>La Terrasse et d\u2019un<br>arr\u00eat tramway. Situ\u00e9<br>\u00e0 proximit\u00e9 des axes<br>routiers principaux<br>(A72, A47, D1082)<\/td><td>Parking<br>souterrain<br>priv\u00e9.<\/td><td>Chambres single : 125 \u20ac TTC<\/td><\/tr><tr><td class=\"has-text-align-center\" data-align=\"center\">Campanile Villars ***<\/td><td class=\"has-text-align-center\" data-align=\"center\">Rue de l&rsquo;Artisanat<br>Lieu dit La Goutte<br>42390 Villars<br>04 77 92 37 37<br>stetienne.villars@ca<br>mpanile.fr<\/td><td class=\"has-text-align-left\" data-align=\"left\">Situ\u00e9 \u00e0 proximit\u00e9<br>avec les axes<br>routiers principaux<br>(A72, A47, D1082)<\/td><td>Parking<br>ext\u00e9rieur<br>priv\u00e9.<\/td><td>Chambres single : 80 \u20ac TTC<\/td><\/tr><tr><td class=\"has-text-align-center\" data-align=\"center\">Ibis Budget Stade **<\/td><td class=\"has-text-align-center\" data-align=\"center\">21 bd Georges<br>Pompidou<br>42000 Saint-Etienne<br>08 92 68 31 65<br>h2544-<br>re@accor.com<\/td><td class=\"has-text-align-left\" data-align=\"left\">Situ\u00e9 sa proximit\u00e9<br>avec les axes<br>routiers principaux<br>(A72, A47)<\/td><td>Parking<br>ext\u00e9rieur<br>priv\u00e9.<\/td><td>Chambres single : 65 \u20ac TTC<\/td><\/tr><tr><td class=\"has-text-align-center\" data-align=\"center\"><strong>Secteur centre-ville<\/strong><\/td><td class=\"has-text-align-center\" data-align=\"center\"><\/td><td class=\"has-text-align-left\" data-align=\"left\"><\/td><td><\/td><td><\/td><\/tr><tr><td class=\"has-text-align-center\" data-align=\"center\">R\u00e9sidh\u00f4tel &#8211;<br>r\u00e9sidence<\/td><td class=\"has-text-align-center\" data-align=\"center\">5 rue Louis Braille<br>42000 Saint-Etienne<br>04 77 45 10 00<br>stetiennecentre@re<br>sidhotel.com<\/td><td class=\"has-text-align-left\" data-align=\"left\">Situ\u00e9 dans une rue<br>calme du centre-ville<br>de Saint-Etienne<\/td><td>\u00c0 proximit\u00e9 de<br>de l\u2019arr\u00eat<br>Peuple Foy<br>(lignes T1\/T2)<\/td><td>Chambres single : 66 \u20ac TTC<\/td><\/tr><\/tbody><\/table><\/figure>\n","protected":false},"excerpt":{"rendered":"<p>VOS H\u00c9BERGEMENTSListe et informations des \u00e9tablissements h\u00f4teliers partenaires de l\u2019office de tourisme : https:\/\/www.saint-etienne-hors-cadre.fr\/congres-seminaires\/votre-evenement\/hotels-et-residences\/ DISPONIBILITES ET OFFRES TARIFAIRES pour GISEH 2022Arriv\u00e9e mardi 5 juillet 2022 soir &#8211; D\u00e9part vendredi 8 juillet 2022 matin.Les participants sont invit\u00e9s \u00e0 contacter les h\u00f4tels par t\u00e9l\u00e9phone en pr\u00e9cisant leur pr\u00e9sence aux journ\u00e9es. En pr\u00e9cisant le code GISEH2022, ils pourront &hellip; <\/p>\n","protected":false},"author":1,"featured_media":0,"parent":0,"menu_order":0,"comment_status":"closed","ping_status":"closed","template":"","meta":{"footnotes":""},"class_list":["post-341","page","type-page","status-publish","hentry"],"_links":{"self":[{"href":"https:\/\/events.mines-stetienne.fr\/giseh2022\/wp-json\/wp\/v2\/pages\/341","targetHints":{"allow":["GET"]}}],"collection":[{"href":"https:\/\/events.mines-stetienne.fr\/giseh2022\/wp-json\/wp\/v2\/pages"}],"about":[{"href":"https:\/\/events.mines-stetienne.fr\/giseh2022\/wp-json\/wp\/v2\/types\/page"}],"author":[{"embeddable":true,"href":"https:\/\/events.mines-stetienne.fr\/giseh2022\/wp-json\/wp\/v2\/users\/1"}],"replies":[{"embeddable":true,"href":"https:\/\/events.mines-stetienne.fr\/giseh2022\/wp-json\/wp\/v2\/comments?post=341"}],"version-history":[{"count":13,"href":"https:\/\/events.mines-stetienne.fr\/giseh2022\/wp-json\/wp\/v2\/pages\/341\/revisions"}],"predecessor-version":[{"id":362,"href":"https:\/\/events.mines-stetienne.fr\/giseh2022\/wp-json\/wp\/v2\/pages\/341\/revisions\/362"}],"wp:attachment":[{"href":"https:\/\/events.mines-stetienne.fr\/giseh2022\/wp-json\/wp\/v2\/media?parent=341"}],"curies":[{"name":"wp","href":"https:\/\/api.w.org\/{rel}","templated":true}]}}