{"id":26,"date":"2021-07-01T11:20:16","date_gmt":"2021-07-01T09:20:16","guid":{"rendered":"http:\/\/www.giseh2022.fr\/?page_id=26"},"modified":"2022-06-26T16:41:07","modified_gmt":"2022-06-26T14:41:07","slug":"informations","status":"publish","type":"page","link":"https:\/\/events.mines-stetienne.fr\/giseh2022\/informations\/","title":{"rendered":"Venir"},"content":{"rendered":"\n<p>La conf\u00e9rence GISEH 2022 se d\u00e9roulera \u00e0 la <strong>Facult\u00e9 de M\u00e9decine<\/strong>, Universit\u00e9 Jean Monnet, sur le <strong>Campus Sant\u00e9 Innovations<\/strong>, \u00e0 l&rsquo;adresse : <\/p>\n\n\n\n<p class=\"has-text-align-center\"><strong>10 rue de la Marandi\u00e8re &#8211; 42270 Saint-Priest-en-Jarez<\/strong> <\/p>\n\n\n<div class=\"wp-block-image\">\n<figure class=\"aligncenter size-large\"><img loading=\"lazy\" decoding=\"async\" width=\"590\" height=\"289\" src=\"https:\/\/events.mines-stetienne.fr\/giseh2022\/wp-content\/uploads\/2021\/09\/chu-copie.jpg\" alt=\"\" class=\"wp-image-180\" srcset=\"https:\/\/events.mines-stetienne.fr\/giseh2022\/wp-content\/uploads\/2021\/09\/chu-copie.jpg 590w, https:\/\/events.mines-stetienne.fr\/giseh2022\/wp-content\/uploads\/2021\/09\/chu-copie-300x147.jpg 300w\" sizes=\"auto, (max-width: 590px) 100vw, 590px\" \/><\/figure>\n<\/div>\n\n\n<h3 class=\"wp-block-heading\"><strong>En voiture :<\/strong> (voir plan ci-dessous)<\/h3>\n\n\n\n<ul class=\"wp-block-list\"><li>Suivre le panneau Campus Sant\u00e9 Innovations via Chemin de la Marandi\u00e8re puis Rue de la Marandi\u00e8re.<\/li><li>Se pr\u00e9senter \u00e0 l\u2019interphone de l\u2019h\u00f4pital : appuyer sur le point d\u2019interrogation pour contact avec le gardien.<\/li><li>Suivre ensuite la rue de la Marandi\u00e8re jusqu\u2019au parking \u00ab Facult\u00e9 de M\u00e9decine \u00bb.<\/li><li>A l\u2019interphone, faire d\u00e9filer les noms avec les fl\u00e8ches et choisir Ecole des Mines \/ Universit\u00e9 puis appuyer sur la cloche. L\u2019h\u00f4tesse d\u2019accueil vous ouvrira la barri\u00e8re. <\/li><li>Poursuivre jusqu\u2019au dernier b\u00e2timent et se garer.<\/li><\/ul>\n\n\n<div class=\"wp-block-image\">\n<figure class=\"aligncenter size-large\"><img loading=\"lazy\" decoding=\"async\" width=\"1024\" height=\"865\" src=\"https:\/\/events.mines-stetienne.fr\/giseh2022\/wp-content\/uploads\/2022\/06\/Plan-WEB-1024x865.jpg\" alt=\"\" class=\"wp-image-575\" srcset=\"https:\/\/events.mines-stetienne.fr\/giseh2022\/wp-content\/uploads\/2022\/06\/Plan-WEB-1024x865.jpg 1024w, https:\/\/events.mines-stetienne.fr\/giseh2022\/wp-content\/uploads\/2022\/06\/Plan-WEB-300x253.jpg 300w, https:\/\/events.mines-stetienne.fr\/giseh2022\/wp-content\/uploads\/2022\/06\/Plan-WEB-768x649.jpg 768w, https:\/\/events.mines-stetienne.fr\/giseh2022\/wp-content\/uploads\/2022\/06\/Plan-WEB.jpg 1100w\" sizes=\"auto, (max-width: 1024px) 100vw, 1024px\" \/><\/figure>\n<\/div>\n\n\n<h3 class=\"wp-block-heading\"><strong>Depuis la gare : en tramway <\/strong>(station situ\u00e9e en face de la gare)<\/h3>\n\n\n\n<ul class=\"wp-block-list\"><li>Prendre le tramway direction \u00ab H\u00f4pital Nord \u00bb (attention un tramway sur deux) : 30 minutes environ.<\/li><li>Arr\u00eat station H\u00f4pital Nord (Terminus).<\/li><li>Terminer \u00e0 pied : \u00e0 droite en sortant du tramway, descendre les escaliers et poursuivre jusqu\u2019au dernier b\u00e2timent. (voir plan ci-dessus)<\/li><\/ul>\n","protected":false},"excerpt":{"rendered":"<p>La conf\u00e9rence GISEH 2022 se d\u00e9roulera \u00e0 la Facult\u00e9 de M\u00e9decine, Universit\u00e9 Jean Monnet, sur le Campus Sant\u00e9 Innovations, \u00e0 l&rsquo;adresse : 10 rue de la Marandi\u00e8re &#8211; 42270 Saint-Priest-en-Jarez En voiture : (voir plan ci-dessous) Suivre le panneau Campus Sant\u00e9 Innovations via Chemin de la Marandi\u00e8re puis Rue de la Marandi\u00e8re. Se pr\u00e9senter \u00e0 &hellip; <\/p>\n","protected":false},"author":1,"featured_media":0,"parent":0,"menu_order":0,"comment_status":"closed","ping_status":"closed","template":"","meta":{"footnotes":""},"class_list":["post-26","page","type-page","status-publish","hentry"],"_links":{"self":[{"href":"https:\/\/events.mines-stetienne.fr\/giseh2022\/wp-json\/wp\/v2\/pages\/26","targetHints":{"allow":["GET"]}}],"collection":[{"href":"https:\/\/events.mines-stetienne.fr\/giseh2022\/wp-json\/wp\/v2\/pages"}],"about":[{"href":"https:\/\/events.mines-stetienne.fr\/giseh2022\/wp-json\/wp\/v2\/types\/page"}],"author":[{"embeddable":true,"href":"https:\/\/events.mines-stetienne.fr\/giseh2022\/wp-json\/wp\/v2\/users\/1"}],"replies":[{"embeddable":true,"href":"https:\/\/events.mines-stetienne.fr\/giseh2022\/wp-json\/wp\/v2\/comments?post=26"}],"version-history":[{"count":2,"href":"https:\/\/events.mines-stetienne.fr\/giseh2022\/wp-json\/wp\/v2\/pages\/26\/revisions"}],"predecessor-version":[{"id":576,"href":"https:\/\/events.mines-stetienne.fr\/giseh2022\/wp-json\/wp\/v2\/pages\/26\/revisions\/576"}],"wp:attachment":[{"href":"https:\/\/events.mines-stetienne.fr\/giseh2022\/wp-json\/wp\/v2\/media?parent=26"}],"curies":[{"name":"wp","href":"https:\/\/api.w.org\/{rel}","templated":true}]}}